))/(1/(48/(-18))). What is v(g)?
1
Let a(z) = -z + 10. Let g be 0/(-8)*1/2. Calculate a(g).
10
Let a(n) be the second derivative of -n**3/3 + 11*n**2/2 - 3*n - 1. Give a(8).
-5
Let b(f) = 26 - 15 + 0 - f. Determine b(12).
-1
Let s(n) = 7*n**2 - 13*n**2 + 5*n**2 + 4*n. Calculate s(3).
3
Let p(u) = u - 5 - 7 + 11. Suppose -2 = -3*v + 1, s - 5*v = -5. Calculate p(s).
-1
Suppose -m + 6 = m. Let b = m + 2. Let l(s) = 5 - 9*s - b. What is l(-1)?
9
Suppose 0 = -0*f - 4*f - 16, -4*h - 4*f = 24. Let a(z) be the first derivative of 2 - z - 1/2*z**2 - 1/3*z**3. Give a(h).
-3
Suppose -3*f = -q + 2, -5*f - 3*q = -7*q - 6. Suppose 5*l = -p - 3*p - 1, 8 = -4*l - 5*p. Let o = l + f. Let d(j) = -7*j**2 - 1. Calculate d(o).
-8
Let p(o) = -o**2 + 3*o - 2. Suppose 5*f - 6 = 3*f - 3*y, 4*f = 4*y - 8. Let n = f - -4. Give p(n).
-6
Let o(d) = 2*d**2 + 6*d**2 + d + 13 - 9*d**2 + 0*d. What is o(0)?
13
Suppose z = -2*z - 6. Let u be 3 + (z - -2)/(-2). Let c(x) = 4*x**2 - 3*x**3 + u*x + 2*x**3 - 2 + 2*x. What is c(5)?
-2
Let k = 27 + -26. Let g(z) = -18*z**2 + z - 1. What is g(k)?
-18
Let p(d) = -129*d + 1 + 136*d + d**2 + 1. Determine p(-5).
-8
Let k(a) be the third derivative of a**6/120 + a**5/20 - a**4/8 - a**3/6 - 11*a**2. Let y(d) = -4*d**2 - d - 1. Let m be y(-1). What is k(m)?
-5
Let f(a) = 20*a. Let s be f(1). Let l(c) = 13*c - s*c + 12*c + c**2 + 1. What is l(-5)?
1
Let f(r) = 3*r - 4*r + 3*r + 2*r**2 - 2. Let t(i) = i**2 + 21*i + 112. Let s be t(-11). Calculate f(s).
10
Suppose -r - 17 = -2*g, -17 = 2*g + 5*r - 4. Let x = g + -9. Let q(l) = -l. What is q(x)?
3
Let g(j) = -j**2 - 4*j + 1. Suppose 9*v - 3*v = -30. What is g(v)?
-4
Let t(m) be the first derivative of m**2 + 8*m - 1. Let r(g) = g + 4. Let a(o) = -5*r(o) + 3*t(o). What is a(-5)?
-1
Suppose -f - 3*j = 3*f - 108, -j - 4 = 0. Let n be 4/10*f/(-3). Let u(a) = -3*a - 5. What is u(n)?
7
Let f(c) = -3*c - 98. Let d be f(-31). Let r(t) = t - 3*t - 6*t**2 - 4*t - t**3 + 1. Determine r(d).
6
Suppose 3*z + 2*s = 27, -2*z = 3*s - 7 - 11. Let v(a) = a - 7. Determine v(z).
2
Suppose 0 = k + 3 - 5, 2*s - 3*k - 4 = 0. Let t(w) = w**2 - 5*w + 2. What is t(s)?
2
Let a(c) = -2*c**2 + c. Suppose 4*o + 4*y = 0, y = -4*o + 4*y + 7. What is a(o)?
-1
Let d(k) = -k**3 + 5*k**2 + 7*k - 2. Let v(t) = t**3 + 6*t**2 - 6*t + 13. Let r be v(-7). Give d(r).
4
Let s(h) = -2*h - 12. Let z(b) = b + 11. Let w(c) = -2*s(c) - 3*z(c). Give w(6).
-3
Let h(l) = -l - 8. Suppose -s = -5, 0*o - 3*s + 23 = -2*o. Let g(c) = 3*c + 8. Let r be g(o). Calculate h(r).
-4
Suppose -13 = -3*l - 4. Let g(m) = 3*m + 9. Let p(h) = -2*h - 6. Let q(b) = -5*g(b) - 8*p(b). Give q(l).
6
Suppose q = -3*q. Let u be q - (-3)/(6/(-4)). Let f(i) = i**2 - 2. Give f(u).
2
Let k(i) = i. Let d be (-2)/(2*-1 + 3). Let z = d - -7. What is k(z)?
5
Let x(b) = -b**3 + 3*b**2 + b + 2. Suppose -5*c - 4*n + 5 = 0, -4*c - 3*n + 4*n = -4. Let f = 4 - c. Calculate x(f).
5
Suppose 3*h - 39 = 9. Suppose -h = -0*c - 4*c. Let k(j) = -j**3 + 4*j**2 + j - 4. Give k(c).
0
Let l(g) be the third derivative of 4*g**2 + 0*g - 1/60*g**5 - 1/6*g**4 + 7/6*g**3 + 0. Determine l(-6).
-5
Let x(p) = 3*p**2 - 6*p + 7. Let b(z) = -2*z**2 + 3*z - 3. Let j(l) = -5*b(l) - 3*x(l). Suppose 2*w - f + 8 = 0, 14 = -2*w - f - f. What is j(w)?
4
Let m(j) = -j**3 - j**2. Let r(p) = -2*p**3 - p**2 - 3*p. Let w(t) = -3*m(t) + r(t). Suppose 2*k + 3*k + 15 = 0. Calculate w(k).
0
Let j(d) = d**2 + d. Let t(q) = q**3 + 13*q**2 + 12*q + 6. Let w(f) = -4*j(f) + t(f). Calculate w(-8).
6
Let g(x) be the second derivative of x**4/12 + x**3 + 3*x**2/2 + x. Suppose -2*i + 4 = -3*i. What is g(i)?
-5
Let u(y) be the third derivative of -y**4/24 - y**3/3 - 3*y**2. What is u(5)?
-7
Let r(j) be the first derivative of -2*j**2 + j + 13. Calculate r(-1).
5
Let t(s) = -s**3 + 3*s**2 + 4*s - 2. Suppose -5*g = 3*k - 32, 0*g = -5*k - 4*g + 36. What is t(k)?
-2
Let y(w) = w**3 - 5*w**2 - 5*w - 3. Let c be y(6). Let k(h) = h**2. Let g(t) = -t**3 - 4*t**2 - t + 4. Let u(j) = -g(j) - 6*k(j). Determine u(c).
8
Let a(y) be the first derivative of 0*y**2 + 4/3*y**3 + 1/4*y**4 + 3*y - 3. Let p(q) = -3*q**2 - 2*q + 1. Let b be p(1). What is a(b)?
3
Let m(v) be the first derivative of -2*v**2 - 5/3*v**3 - 1/4*v**4 + v + 1. Let t be (2 - 3)*0 + (-234)/78. Give m(t).
-5
Suppose -z - z - 32 = 0. Let y = z + 11. Let w(r) = r**3 + 4*r**2 - 6*r + 2. Give w(y).
7
Let d(q) = -10*q - 1. Let z(m) = -69*m - 6. Let j(u) = -27*d(u) + 4*z(u). What is j(2)?
-9
Let t be (-36)/(-14) - 30/(-70). Let s(v) = v**3 - 3*v - 1. What is s(t)?
17
Suppose q = -q + 4. Let w(l) = 3 + q - 4 - l. Determine w(-6).
7
Let g(x) = -x**2 + 11*x - 12. Let z = -43 - -52. Calculate g(z).
6
Let a(p) be the second derivative of -p**5/20 - 3*p**4/4 - 4*p**3/3 + 5*p**2/2 + 11*p. Give a(-8).
5
Let o(a) be the second derivative of 3*a - 1/24*a**4 - a**2 - a**3 + 0. Let r(i) be the first derivative of o(i). Calculate r(0).
-6
Let j = 4 - 1. Suppose -j*t = 2*r - 15, -5*r + 32 = -2*t + 4*t. Let o(b) = -b**3 + 5*b**2 + 5*b + 4. Give o(r).
-2
Let c(f) = -1 + f**2 - 8*f + f + 0 - 1. Determine c(4).
-14
Let s(c) be the third derivative of -5*c**4/24 + c**3/6 + c**2. Let z be (2 - 5)/(-9)*6. Suppose z = -4*l + 6. Give s(l).
-4
Suppose -t = 2*t - 6. Let i(a) be the third derivative of -a**6/120 + a**5/20 - a**4/24 + a**3/3 - a**2. Calculate i(t).
4
Suppose -4*s + 3*s = -2*a, -a = -5*s. Let p(j) = j**2 - j + 1. What is p(s)?
1
Let i(u) = -u - 1. Let g(a) = -2*a - 7. Let o(f) = g(f) - 6*i(f). Let r = 8 - 9. Determine o(r).
-5
Let r(l) = 8*l**2 + 1. Let g be (4 + 6)/(1*2). Let m = g - 10. Let y(h) = -h**2 - 5*h + 1. Let t be y(m). Give r(t).
9
Let g(b) be the third derivative of -b**6/60 + b**5/30 - b**4/24 - b**3/6 + 7*b**2. Calculate g(2).
-11
Let o(p) = -5*p - 1. Suppose 0*i - 2*i = 10. Let q = -9 - -5. Let m = i - q. What is o(m)?
4
Let r be 4 - (0 - 1)/(-1). Let z(j) be the third derivative of 0*j + 1/120*j**6 - 1/12*j**5 + 1/3*j**r + 0 + 0*j**4 + j**2. Give z(5).
2
Let j(k) = -4*k**2 - 2*k + 1. Suppose 2 - 6 = -4*q. Let h = 1 - 1. Let y = h + q. Give j(y).
-5
Let p(q) = -5*q**3 - 5*q**2 + 6*q + 8. Let d(w) = 4*w**3 + 5*w**2 - 6*w - 8. Let g(h) = 4*d(h) + 3*p(h). Calculate g(-6).
-8
Let h(p) = 4*p + 1. Suppose 2 = -x - 5. Let r(q) = q**2 + 5*q + 1. Let m(g) = x*h(g) + 6*r(g). Let o be 3/(-2)*(-4)/6. Determine m(o).
7
Let y be -2 + 1 - (-4 + 0). Suppose -5 = -c, -4*n - 3*c - y = -38. Let r(l) = -l**2 + 7*l - 1. Determine r(n).
9
Let c(l) = 7*l**2 - 5*l - 1. Let d(m) = -5*m**2 + 5*m + 2. Let a(y) = -2*c(y) - 3*d(y). Suppose 3*n + 8 = w, 3*w + 2*n = 12 + 1. Give a(w).
-4
Let a(o) be the third derivative of -o**7/315 + o**5/120 + o**4/8 + o**2. Let t(r) be the second derivative of a(r). Calculate t(-1).
-7
Let t(y) = -2*y**2 + 6*y - 1. Suppose -4*p + 2 = -f, -4*p + 4 = -f + p. Suppose -f - 4 = -5*c. Suppose -c - 6 = -2*i. Calculate t(i).
-9
Let m(r) = 2*r**2 - 2. Let d be m(-3). Suppose s + 3*s + 3*h - d = 0, -4 = -s + 2*h. Let z(k) = -8*k**2 + s*k**2 - 4*k**2 + 1 - 2*k**2. Give z(1).
-9
Let w(s) be the third derivative of s**8/20160 + s**7/5040 - s**6/720 - s**5/20 + s**2. Let f(l) be the third derivative of w(l). What is f(2)?
5
Let n(k) = -6*k - 1. Suppose 0*f - 1 = -f. Let l(z) = -z - 1. Let q be l(f). Let x be ((-1)/q)/(3/6). Determine n(x).
-7
Let n = -8 + 10. Let h(b) be the first derivative of -1 + 1/4*b**4 - 1/2*b**2 + 0*b - b**3. Determine h(n).
-6
Let c(k) = -k**3 - 5*k**2 - 3*k. Suppose 0 = -2*y + 2*g - 14, 3*y + 5*g + 35 = g. Let l be 3*-2*(-3)/y. What is c(l)?
-6
Let f(a) be the first derivative of -2/3*a**3 - 2*a**2 + 1/4*a**4 - 6 + 2*a. Calculate f(3).
-1
Let y(o) = 0*o + 9 - 16 - 4*o + 6. Determine y(-2).
7
Let a(q) = -q + 2 - 3*q + 0. Suppose 3*i - 7 + 1 = 0. Suppose -4*j = m - 18, 2*m + i*j = 3*j. Determine a(m).
-6
Let u(p) = p + 3. Let s(g) = -g**3 + 5*g**2 - g + 5. Let o be s(5). What is u(o)?
3
Suppose -10 = -0*s - 5*s. Suppose 10 - s = 4*m. Let y(k) = -1 + 0*k + 7*k - 5 - k**m. Give y(4).
6
Let r(k) be the first derivative of 1/12*k**4 + 2*k**2 + 2*k - 2 - 1/2*k**3. Let p(d) be the first derivative of r(d). Calculate p(4).
8
Let f = -41 + 37. Let l(t) = 1 - 1 + t**2 + 4*t. Determine l(f).
0
Let k = 6 + 2. Suppose -2 - k = -a. Suppose 5*p + 4*g = 2*g - 6, 3*g = 2*p + a.